e remainder when 208 is divided by 53.
49
What is the remainder when 8661 is divided by 15?
6
What is the remainder when 197 is divided by 64?
5
What is the remainder when 430 is divided by 52?
14
Calculate the remainder when 33 is divided by 18.
15
Calculate the remainder when 233 is divided by 14.
9
Calculate the remainder when 202 is divided by 71.
60
Calculate the remainder when 14 is divided by 13.
1
What is the remainder when 182 is divided by 154?
28
Calculate the remainder when 68 is divided by 1.
0
Calculate the remainder when 251 is divided by 28.
27
Calculate the remainder when 766 is divided by 32.
30
What is the remainder when 65 is divided by 18?
11
What is the remainder when 304 is divided by 49?
10
What is the remainder when 111 is divided by 80?
31
What is the remainder when 497 is divided by 61?
9
What is the remainder when 23685 is divided by 24?
21
What is the remainder when 1597 is divided by 44?
13
Calculate the remainder when 238 is divided by 64.
46
What is the remainder when 2298 is divided by 757?
27
Calculate the remainder when 1005 is divided by 18.
15
What is the remainder when 794 is divided by 156?
14
Calculate the remainder when 78 is divided by 9.
6
Calculate the remainder when 25 is divided by 10.
5
What is the remainder when 696 is divided by 137?
11
What is the remainder when 3309 is divided by 69?
66
What is the remainder when 183 is divided by 45?
3
What is the remainder when 98 is divided by 50?
48
Calculate the remainder when 242 is divided by 24.
2
Calculate the remainder when 289 is divided by 37.
30
What is the remainder when 81 is divided by 21?
18
Calculate the remainder when 2040 is divided by 264.
192
What is the remainder when 7129 is divided by 62?
61
Calculate the remainder when 7434 is divided by 13.
11
Calculate the remainder when 70 is divided by 12.
10
Calculate the remainder when 11125 is divided by 46.
39
What is the remainder when 310 is divided by 63?
58
What is the remainder when 598 is divided by 598?
0
Calculate the remainder when 291 is divided by 98.
95
Calculate the remainder when 2110 is divided by 20.
10
What is the remainder when 1407 is divided by 94?
91
What is the remainder when 587 is divided by 7?
6
Calculate the remainder when 1774 is divided by 44.
14
What is the remainder when 251 is divided by 47?
16
Calculate the remainder when 1209 is divided by 7.
5
Calculate the remainder when 204 is divided by 53.
45
What is the remainder when 229 is divided by 31?
12
Calculate the remainder when 1272 is divided by 71.
65
What is the remainder when 1745 is divided by 159?
155
Calculate the remainder when 42 is divided by 9.
6
What is the remainder when 157 is divided by 23?
19
Calculate the remainder when 243 is divided by 7.
5
Calculate the remainder when 1890 is divided by 31.
30
What is the remainder when 166 is divided by 124?
42
Calculate the remainder when 4645 is divided by 222.
205
What is the remainder when 37 is divided by 8?
5
What is the remainder when 264 is divided by 67?
63
What is the remainder when 165 is divided by 95?
70
Calculate the remainder when 2637 is divided by 654.
21
Calculate the remainder when 1029 is divided by 265.
234
What is the remainder when 16360 is divided by 14?
8
What is the remainder when 3095 is divided by 119?
1
What is the remainder when 406 is divided by 134?
4
Calculate the remainder when 61 is divided by 50.
11
Calculate the remainder when 483 is divided by 121.
120
What is the remainder when 92 is divided by 38?
16
What is the remainder when 369 is divided by 25?
19
What is the remainder when 154 is divided by 27?
19
What is the remainder when 525 is divided by 257?
11
Calculate the remainder when 344 is divided by 59.
49
Calculate the remainder when 42 is divided by 18.
6
Calculate the remainder when 1605 is divided by 115.
110
What is the remainder when 71 is divided by 13?
6
What is the remainder when 11 is divided by 2?
1
Calculate the remainder when 221 is divided by 28.
25
Calculate the remainder when 173 is divided by 11.
8
Calculate the remainder when 171 is divided by 8.
3
What is the remainder when 3673 is divided by 11?
10
Calculate the remainder when 138 is divided by 20.
18
What is the remainder when 3443 is divided by 48?
35
What is the remainder when 68 is divided by 6?
2
Calculate the remainder when 857 is divided by 123.
119
What is the remainder when 905 is divided by 10?
5
Calculate the remainder when 43 is divided by 34.
9
What is the remainder when 175 is divided by 36?
31
What is the remainder when 1119 is divided by 17?
14
What is the remainder when 602 is divided by 151?
149
What is the remainder when 54 is divided by 51?
3
Calculate the remainder when 3224 is divided by 1071.
11
Calculate the remainder when 670 is divided by 17.
7
Calculate the remainder when 102 is divided by 48.
6
Calculate the remainder when 91 is divided by 74.
17
Calculate the remainder when 61 is divided by 61.
0
What is the remainder when 611 is divided by 18?
17
What is the remainder when 483 is divided by 94?
13
What is the remainder when 715 is divided by 182?
169
Calculate the remainder when 701 is divided by 37.
35
What is the remainder when 976 is divided by 20?
16
What is the remainder when 256 is divided by 10?
6
Calculate the remainder when 108 is divided by 8.
4
What is the remainder when 661 is divided by 83?
80
Calculate the remainder when 45 is divided by 9.
0
Calculate the remainder when 801 is divided by 22.
9
What is the remainder when 252 is divided by 111?
30
What is the remainder when 271 is divided by 4?
3
What is the remainder when 439 is divided by 7?
5
What is the remainder when 1360 is divided by 239?
165
What is the remainder when 224 is divided by 72?
8
What is the remainder when 3919 is divided by 356?
3
Calculate the remainder when 1609 is divided by 52.
49
What is the remainder when 5518 is divided by 115?
113
What is the remainder when 101 is divided by 9?
2
What is the remainder when 268 is divided by 30?
28
What is the remainder when 199 is divided by 25?
24
Calculate the remainder when 59 is divided by 24.
11
What is the remainder when 7630 is divided by 9?
7
What is the remainder when 400 is divided by 58?
52
Calculate the remainder when 970 is divided by 36.
34
What is the remainder when 2193 is divided by 13?
9
Calculate the remainder when 446 is divided by 143.
17
What is the remainder when 2270 is divided by 91?
86
Calculate the remainder when 8056 is divided by 26.
22
Calculate the remainder when 247 is divided by 37.
25
Calculate the remainder when 2561 is divided by 21.
20
Calculate the remainder when 195 is divided by 108.
87
What is the remainder when 90 is divided by 32?
26
What is the remainder when 345 is divided by 44?
37
What is the remainder when 273 is divided by 109?
55
Calculate the remainder when 83 is divided by 5.
3
Calculate the remainder when 801 is divided by 136.
121
What is the remainder when 197 is divided by 74?
49
Calculate the remainder when 717 is divided by 99.
24
Calculate the remainder when 2078 is divided by 10.
8
What is the remainder when 140 is divided by 47?
46
What is the remainder when 800 is divided by 77?
30
What is the remainder when 812 is divided by 178?
100
What is the remainder when 336 is divided by 83?
4
Calculate the remainder when 161 is divided by 57.
47
What is the remainder when 111 is divided by 19?
16
Calculate the remainder when 73 is divided by 32.
9
Calculate the remainder when 178 is divided by 9.
7
Calculate the remainder when 2996 is divided by 12.
8
Calculate the remainder when 128 is divided by 23.
13
Calculate the remainder when 204 is divided by 55.
39
Calculate the remainder when 99 is divided by 24.
3
Calculate the remainder when 1570 is divided by 1489.
81
Calculate the remainder when 1467 is divided by 32.
27
What is the remainder when 93 is divided by 26?
15
Calculate the remainder when 7 is divided by 4.
3
What is the remainder when 18 is divided by 12?
6
Calculate the remainder when 204 is divided by 71.
62
Calculate the remainder when 327 is divided by 10.
7
What is the remainder when 74 is divided by 70?
4
Calculate the remainder when 467 is divided by 39.
38
Calculate the remainder when 404 is divided by 58.
56
Calculate 